h - x. Calculate the highest common divisor of l and 15.
5
Let k be (-15)/(17/(-2) - -6). Let f = 0 + 0. Let v = k - f. Calculate the highest common factor of v and 54.
6
Let u be 6*7*((-14)/(-28) + 1). What is the highest common divisor of u and 36?
9
Suppose -27*a = -510 - 30. What is the greatest common factor of 85 and a?
5
Let k be (-156)/10*(-5 + (-15)/9). Let x(j) = -j**2 - 9*j - 7. Let t be x(-5). What is the greatest common divisor of k and t?
13
Suppose -t - 2*w = -166, 0 = -4*t + 3*t + 2*w + 178. Suppose -t = -5*g + g. Let u = 12 + g. Calculate the greatest common divisor of 5 and u.
5
Let u(g) = -g**2 - 29 + g**2 - 2*g**2 + 12*g + 3*g**2. Let p be u(-15). What is the highest common factor of 8 and p?
8
Suppose -2*j = -8, x + 119*j - 42 = 114*j. What is the highest common factor of x and 627?
11
Let d be 0 - ((-1 - 6) + 4). Let s be -7*(9 - 3)*d. Let v be ((-4)/(-3))/((-4)/s). What is the highest common factor of v and 28?
14
Suppose 16*y - 2*u + 32 = 21*y, 3*y = -2*u + 16. Let d be 10/(-3)*6/(-5). What is the greatest common divisor of y and d?
4
Let s(l) = -2*l - 17. Let n be s(-7). Let p(x) = 6*x**2 - 3*x - 3. Let w be p(n). Calculate the greatest common divisor of 24 and w.
12
Let n = -263 - -335. Calculate the highest common factor of n and 1.
1
Suppose 28 = -5*j + 2*l + 383, -j + 5*l = -71. Calculate the greatest common divisor of 284 and j.
71
Suppose -2*c + 4*c - 184 = 4*g, -2*c = -2*g - 88. Let m = g + 75. Suppose 2*u + m = 5*u. Calculate the highest common factor of 18 and u.
9
Suppose -6*p + 0 - 6 = 0. Let w be (p - 28/(-12)) + 916/6. What is the greatest common factor of w and 14?
14
Suppose 3*u - 23 = 2*u. Suppose 0 = -8*r + 4*r + 184. What is the greatest common divisor of u and r?
23
Let c(y) = 231*y - 435. Let u be c(8). What is the highest common factor of 9 and u?
9
Suppose 2*c + 3*i + 14 = 0, -4 = -c + 4*c - 4*i. Let p be (-1 - 4/(-8))*-22. Let a = c + p. Calculate the highest common factor of a and 14.
7
Suppose 25 = 4*d + d. Suppose 0 = -23*u + 20*u + 9. Suppose -t - u*z + 14 = -0, t - 2*z - 24 = 0. What is the highest common factor of d and t?
5
Let n(p) = 14*p + 6. Let s(u) = -3*u - 43. Let z be s(-16). Let b be n(z). What is the greatest common factor of b and 19?
19
Suppose -4*b - 25 = 3*q, -4*b - 1 - 6 = -3*q. Let s(n) = 3*n**2 + 10*n + 4. Let o be s(b). What is the highest common factor of o and 3?
3
Let h(b) = b**2 + 2*b - 29. Let q(y) = -3*y**2 - 5*y + 88. Let m(o) = 8*h(o) + 3*q(o). Let u be m(-5). What is the greatest common factor of 4 and u?
2
Let g be (9/(-18))/(2/(-20)). Suppose -g*l + l + 340 = 0. Calculate the greatest common factor of l and 17.
17
Let q(l) = 10*l + 6*l**2 - 1 - l**3 - 5 - l + 0. Let k be q(6). Suppose 3*n + k + 12 = 3*p, p + 4*n = -5. Calculate the highest common divisor of p and 10.
5
Let j be 1/3 + (-2893)/(-33). Let q = -72 + j. What is the highest common factor of q and 64?
16
Suppose 2*f = 2, -13*z + 10*z - 5*f + 122 = 0. What is the greatest common factor of 377 and z?
13
Suppose 431 = 5*o + 4*v - 7*v, 0 = 3*o + v - 267. What is the greatest common factor of 1078 and o?
22
Let i(q) be the first derivative of q**3/3 - 3*q**2 - 23*q + 21. Let x be i(-6). What is the highest common divisor of x and 7?
7
Let n(t) = t**2 + 10*t - 11. Let f be n(-11). Suppose f = -2*x, 0*g = 3*g - 4*x - 396. What is the highest common divisor of g and 12?
12
Let t = -4 + 28. Let r = 13 - t. Let c = 55 - r. Calculate the highest common divisor of c and 6.
6
Let r(j) = -8*j - 30. Let y(k) = -2*k**2 - 7*k - 5. Let s be y(-5). Let m be r(s). What is the greatest common factor of 13 and m?
13
Suppose d - 7 = -p - 3, -d = -p. Let z be (d*-5)/((-5)/30). What is the greatest common divisor of 15 and z?
15
Let b(y) = -y**2 + 6*y - 6. Let u be b(4). Suppose -u*x - 4*s = -260, 380 = 3*x - 3*s + 35. Let o = -98 + 113. Calculate the greatest common divisor of o and x.
15
Suppose -43*k = -40*k - 162. Calculate the greatest common divisor of 297 and k.
27
Suppose -4*t + 18 = -30. What is the highest common divisor of t and 852?
12
Suppose 5*u + 18 = 3*w, -2*u - 2 = 2*w + 2. Suppose -5*n + 4*n = -w. What is the highest common factor of 1 and n?
1
Let j(a) = -a**3 - 7*a**2 - a - 4. Let q be j(-7). Suppose 0 = -q*h + 10 + 2. Suppose 0 = v - h*v + 6. Calculate the greatest common factor of v and 10.
2
Suppose -3*p + 56 = 5. Let r(u) = -111*u**2 + 340*u - 4. Let x be r(3). Calculate the greatest common factor of p and x.
17
Let k(i) = 5*i**2 + 36*i + 30. Let s be k(-10). What is the greatest common divisor of s and 10?
10
Let j(l) = l**3 + l**2 + l + 44. Let h be j(0). Let o be h/5 + 9/45. Suppose -14*r = -13*r - o. What is the greatest common divisor of r and 6?
3
Let d be ((-3)/6*3)/(27/(-144)). What is the greatest common factor of 160 and d?
8
Let l = -6587 - -11146. Calculate the greatest common factor of 47 and l.
47
Let w = -24 - -34. Suppose l = 3*b - 8*b + 28, -3*b = -3*l - 6. What is the highest common factor of b and w?
5
Let i = 11 + -8. Suppose -3*r - 27 = -i*f, 0*f = -4*f - 3*r + 71. Suppose x = 4 + 10. What is the highest common divisor of f and x?
14
Suppose 4*f + 44 = -18*f. Let n be (9/5)/(3/(f - -107)). What is the highest common divisor of n and 105?
21
Suppose -g + p + 1 = 0, 4*g + 3*p = 8*g - 8. Suppose h = 3*u + u + 3, 3*h = -2*u - 19. Let c be 0 + 2 - 26/u. Calculate the greatest common factor of g and c.
5
Let y = -2 + 7. Suppose -y*f = -4*f - 154. Suppose -4*m - 4*x + 36 = 0, m = -3*x - 3 + 2. What is the greatest common divisor of m and f?
14
Let s = -2456 + 3094. What is the greatest common divisor of 232 and s?
58
Let d(p) = -p**2 - 16*p - 40. Let l be d(-6). What is the greatest common divisor of l and 50?
10
Let w be 80/(-1)*(-32)/20. What is the highest common divisor of w and 16?
16
Let w(n) = 75*n**2 - 23*n - 46. Let i be w(-2). Calculate the greatest common divisor of 25 and i.
25
Let s = 19 - 16. Let m(q) = 5*q - 7. Let x be m(s). Calculate the greatest common factor of x and 16.
8
Let j be (3/(-9))/(1/3). Let w be j + ((-2979)/(-45) - 1/5). Calculate the greatest common divisor of w and 5.
5
Let h be -1 - (-11)/((-11)/(-36)). Let t = -33 + h. Calculate the greatest common factor of 6 and t.
2
Suppose -s - 14 = -2*d, -7*s + 11*s - 22 = -5*d. What is the greatest common factor of d and 96?
6
Let z be (-129)/(-3) + (3 - -2). What is the highest common factor of 4 and z?
4
Suppose 0*t + 63 = -z + t, 193 = -3*z + 4*t. Let b = 61 + z. What is the highest common factor of 6 and b?
2
Let x = 24 - 17. Suppose j + 4*j - 2*p - x = 0, 0 = 3*j - 2*p - 5. Let s = 5 + j. Calculate the highest common divisor of 24 and s.
6
Let z = -1963 + 1979. What is the highest common divisor of z and 38?
2
Suppose -3*y + 9 = r, 0 = 9*r - 13*r + 4*y + 20. Calculate the greatest common divisor of 78 and r.
6
Let f = 185 - -1159. What is the highest common factor of f and 42?
42
Suppose 49 + 26 = 5*m. Let c be (70/m)/(-7)*-9. What is the highest common factor of 18 and c?
6
Let h = -17 - -32. Suppose -30 = -5*x + h. Calculate the greatest common factor of 36 and x.
9
Let b(h) = -h**3 + 5*h**2 + h + 1. Let m be b(5). Let l be ((-297)/m)/(6/16). Let t = l + 232. What is the highest common divisor of t and 40?
20
Let l(x) = x**2 + 3*x + 6. Let w be l(-4). Suppose -6*k + 252 = k. Let s = 38 - k. Calculate the greatest common divisor of s and w.
2
Let v(s) = -s**2 - 13*s + 72. Let n be v(-13). Calculate the greatest common divisor of 168 and n.
24
Let u = 25 - 9. Let d be 15/40 + 666/u. Calculate the greatest common divisor of 70 and d.
14
Suppose -5*l + 1717 = -3*v, -2*l = 2*l - 2*v - 1374. Calculate the greatest common divisor of 43 and l.
43
Let h = -554 + 614. What is the highest common divisor of 750 and h?
30
Let w(h) = h**3 - 5*h**2 + 5*h + 7. Let j be w(3). Suppose -j*a = -a - 90. Suppose -f + 4 = -2. What is the greatest common divisor of f and a?
6
Let c(l) = l**3 + 5*l**2 - 3*l - 1. Let t be c(-3). Suppose 2*d - t - 16 = 0. Let k be d*(-3 + (8 - 4)). What is the highest common divisor of 126 and k?
21
Let w(l) = -2*l + 30. Suppose 0 = -15*z - 67 + 7. Let t be w(z). What is the greatest common factor of 95 and t?
19
Suppose -45*b = -759 - 96. What is the highest common factor of 551 and b?
19
Let n b